{"id":358,"date":"2017-07-12T16:43:23","date_gmt":"2017-07-12T14:43:23","guid":{"rendered":"http:\/\/themedemos.webmandesign.eu\/reykjavik\/?page_id=15"},"modified":"2022-07-13T21:17:23","modified_gmt":"2022-07-13T21:17:23","slug":"home","status":"publish","type":"page","link":"https:\/\/jens-gieseler.de\/","title":{"rendered":"Mehr Glaubw\u00fcrdigkeit"},"content":{"rendered":"\n\n\t<h1>REFERENZEN<\/h1>\n\t<blockquote><p>Durch Jens Gieseler erreichen wir eine h\u00f6here Sichtbarkeit in den Medien. Wir sind begeistert, in welchen Zeitschriften und Onlineportalen er Interesse f\u00fcr unsere Themen weckt. Gleichzeitig ist er f\u00fcr uns ein guter Sparringspartner, wenn es darum geht, den konkreten Nutzen unserer F\u00f6rderberatung noch besser zu formulieren.<\/p><\/blockquote>\n\t<p><img decoding=\"async\" loading=\"lazy\" src=\"https:\/\/jens-gieseler.de\/wp-content\/uploads\/2020\/08\/1x1_Referenzen_0000_1x1_004_Zahm_Michael-Kopie.jpg\" alt=\"\" width=\"500\" height=\"500\" \/><\/p>\nMICHAEL ZAHM<br \/>\nGesch\u00e4ftsf\u00fchrer<br \/>\n<a href=\"http:\/\/www.pfif.net\" target=\"_blank\" rel=\"noopener\">www.pfif.net<\/a><br \/>\n40 Mitarbeiter\n\t<blockquote><p>Jens Gieseler hilft unserem Vertrieb, indem er Success-Stories \u00fcber unsere Software zur Personalentwicklung und Seminarorganisation schreibt und das Thema IT-gest\u00fctztes Bildungsmanagement in entsprechende Personal- und Fachmagazine tr\u00e4gt. Zudem verbessern wir durch die Pressearbeit unser Employer Branding, so dass wir in einem schwierigen Markt kompetente und engagierte Mitarbeiter gewinnen.<\/p><\/blockquote>\n\t<p><img decoding=\"async\" loading=\"lazy\" src=\"https:\/\/jens-gieseler.de\/wp-content\/uploads\/2022\/07\/1x1_Referenzen_Nau2022.jpg\" alt=\"\" width=\"500\" height=\"500\" \/><\/p>\nANDREAS NAU<br \/>\nStrategischer Gesch\u00e4ftsf\u00fchrer<br \/>\n<a href=\"http:\/\/www.easysoft.de\" target=\"_blank\" rel=\"noopener\">www.easysoft.de<\/a><br \/>\n95 Mitarbeiter\n\t<blockquote><p>Mit unserer Unternehmensgr\u00f6\u00dfe wollen wir keinen PR-Mitarbeiter anstellen. Allerdings haben wir mit Jens Gieseler eine ideale L\u00f6sung gefunden: Er identifiziert sich mit Coveto, geht in Recherche\u00adgespr\u00e4chen gut mit unseren Kunden um und verf\u00fcgt \u00fcber Medienkontakte in verschiedenen Branchen.<\/p><\/blockquote>\n\t<p><img decoding=\"async\" loading=\"lazy\" src=\"https:\/\/jens-gieseler.de\/wp-content\/uploads\/2020\/08\/1x1_Referenzen_0002_1x1_005_Tischer_Pia-Kopie.jpg\" alt=\"\" width=\"500\" height=\"500\" \/><\/p>\nPIA TISCHER<br \/>\nGesch\u00e4ftsf\u00fchrerin<br \/>\n<a href=\"http:\/\/www.coveto.de\" target=\"_blank\" rel=\"noopener\">www.coveto.de<\/a><br \/>\n20 Mitarbeiter\n\t<blockquote><p>Wir sch\u00e4tzen an Jens Gieseler, dass er unsere Themen und Projekte zielgenau in die Zeitschriften tr\u00e4gt, die f\u00fcr uns wichtig sind. Das tut er technisch fundiert, indem er sich in den Sonderger\u00fcstbau sowie individuelle L\u00e4rm- und Staubschutzeinhausungen reindenkt.<\/p><\/blockquote>\n\t<p><img decoding=\"async\" loading=\"lazy\" src=\"https:\/\/jens-gieseler.de\/wp-content\/uploads\/2020\/08\/1x1_Referenzen_0004_1x1_006_Stuber_Walter-Kopie.jpg\" alt=\"\" width=\"500\" height=\"500\" \/><\/p>\nWALTER STUBER<br \/>\nGesch\u00e4ftsf\u00fchrer<br \/>\n<a href=\"http:\/\/www.spezialgeruestbau.de\" target=\"_blank\" rel=\"noopener\">www.spezialgeruestbau.de<\/a><br \/>\n45 Mitarbeiter<br \/>\n\n\t<blockquote><p>F\u00fcr ein junges Unternehmen wie unseres ist die Kooperation mit einem starken Partner zur Erreichung medialer Wahrnehmung essenziell. Jens Gieseler ist f\u00fcr uns ein idealer Partner mit seinen guten Verbindungen zu wichtigen Print- und Onlinemedien sowie zu Funk und Fernsehen. Seine Kontakte und Beitr\u00e4ge haben auf dem Weg zur Gewinnung starker Partner beim Aufbau unseres Unternehmens signifikant vorangebracht.<\/p><\/blockquote>\n\t<p><img decoding=\"async\" loading=\"lazy\" src=\"https:\/\/jens-gieseler.de\/wp-content\/uploads\/2022\/07\/1x1_Referenzen_Gerold-Neumann.jpg\" alt=\"\" width=\"500\" height=\"500\" \/><\/p>\nDr. GEROLD NEUMANN<br \/>\nGesch\u00e4ftsf\u00fchrer Gesellschafter, <a href=\"https:\/\/www.vivevo.eu\" target=\"_blank\" rel=\"noopener\">www.vivevo.eu<\/a><br \/>\nNeugr\u00fcndung\n\t<blockquote><p>Wir sind Premiumanbieter und vermitteln Spezialisten an Unternehmen. Mit Jens Gieseler haben wir seit 2007 einen zuverl\u00e4ssigen Journalisten gefunden, der einerseits im Sinn der Redaktionen arbeitet und andererseits auf unserem Qualit\u00e4tslevel Themen der flexibilisierten Arbeitswelt mit Fingerspitzengef\u00fchl in hochwertigen Medien ver\u00f6ffentlicht.<\/p><\/blockquote>\n\t<p><img decoding=\"async\" loading=\"lazy\" src=\"https:\/\/jens-gieseler.de\/wp-content\/uploads\/2019\/06\/1x1_bw_001-Schabel-Frank-ohne-Sakko-1-744x744.jpg\" alt=\"\" width=\"744\" height=\"744\" \/><\/p>\nFRANK SCHABEL<br \/>\nMarketingleiter<br \/>\n<a href=\"http:\/\/www.hays.de\" target=\"_blank\" rel=\"noopener\">www.hays.de<\/a><br \/>\n1.000 Mitarbeiter\n\t<h1>IHR NUTZEN<\/h1>\n\t<h2>Gezielte Pressearbeit<\/h2>\n\t<p>steigert die Glaubw\u00fcrdigkeit<\/p>\n<h4>Ihrer Produkte,<br \/>\nIhrer Arbeitsweise<br \/>\nund Ihres Unternehmens.<\/h4>\n<p>Jeden Text und jedes Bild pr\u00fcfen Redakteure, halten sie f\u00fcr wichtiger als andere Informationen und ver\u00f6ffentlichen sie in Fachmagazinen und Wirtschaftszeitungen sowie in der lokalen und regionalen Presse.<\/p>\n\t<h2>H\u00f6here Glaubw\u00fcrdigkeit<\/h2>\n\t<h4>hilft Ihnen\u00a0potenzielle Kunden zu \u00fcberzeugen<br \/>\nund passende Mitarbeiter zu gewinnen.<\/h4>\n<p>Mit gro\u00dfer Akribie recherchiere und schreibe ich f\u00fcr Ihre Homepage, f\u00fcr Kunden- und Mitarbeitermagazine: Texte, die gelesen werden, weil ich die Geschichten in Ihrem Unternehmen finde.<\/p>\n<p>Dabei profitieren Sie von meiner 25-j\u00e4hrigen Erfahrung als Journalist in der Unternehmens\u00adkommunikation.<\/p>\n\t\t\t\t<a href=\"#Arbeitsweise\" target=\"_self\" itemprop=\"url\" rel=\"noopener\">\n\t\t\t\t<img decoding=\"async\" loading=\"lazy\" src=\"https:\/\/jens-gieseler.de\/wp-content\/uploads\/2019\/07\/Take-VII-7-von-31.jpg\" alt=\"ARBEITSWEISE\" itemprop=\"image\" height=\"2880\" width=\"2880\" title=\"ARBEITSWEISE\" onerror=\"this.style.display='none'\"  \/>\n\t\t\t\t<\/a>\n\t\t\t\t\t\tARBEITSWEISE\n\t\t\t\t<a href=\"#Themen\" target=\"_self\" itemprop=\"url\" rel=\"noopener\">\n\t\t\t\t<img decoding=\"async\" loading=\"lazy\" src=\"https:\/\/jens-gieseler.de\/wp-content\/uploads\/2019\/07\/Take-V-25-von-55.jpg\" alt=\"THEMEN\" itemprop=\"image\" height=\"2880\" width=\"2880\" title=\"THEMEN\" onerror=\"this.style.display='none'\"  \/>\n\t\t\t\t<\/a>\n\t\t\t\t\t\tTHEMEN\n\t\t\t\t<a href=\"#Werte\" target=\"_self\" itemprop=\"url\" rel=\"noopener\">\n\t\t\t\t<img decoding=\"async\" loading=\"lazy\" src=\"https:\/\/jens-gieseler.de\/wp-content\/uploads\/2019\/07\/Take-VI-33-von-43.jpg\" alt=\"WERTE\" itemprop=\"image\" height=\"2880\" width=\"2880\" title=\"WERTE\" onerror=\"this.style.display='none'\"  \/>\n\t\t\t\t<\/a>\n\t\t\t\t\t\tWERTE\n\t<h2>Arbeitsweise<\/h2>\n\t<h4>Lesenswerte Texte und bundes&shy;weite Redaktions&shy;kontakte<\/h4>\n<p>Mit strategischer Beratung unterst\u00fctze ich Sie, die Besonder&shy;heiten Ihres Unter&shy;nehmens hervor&shy;zuheben, sich von anderen abzu&shy;heben und erkenn&shy;barer zu werden.<\/p>\n<p>Durch diese klare Profilierung k\u00f6nnen Kunden absch\u00e4tzen, wie sich Ihr Unter&shy;nehmen sowie Ihre Waren und Dienst&shy;leistungen von anderen unter&shy;scheiden. Und potentielle Mitarbeiter wissen, auf welches Arbeits&shy;umfeld sie sich einlassen.<\/p>\n\t<h4>Wir finden die erz\u00e4hlenswerten Geschichten<\/h4>\n<p>Meine Erfahrung: In jedem Gespr\u00e4ch mit Ihnen, werden Sie mir zwei, drei Dinge erz\u00e4hlen. Mit diesen Geschichten und sauber recherchierten Informationen schreibe ich zielgerichtet Texte und Erfolgsgeschichten.<\/p>\n<ul>\n<li>f\u00fcr Ihre relevanten Medien,<\/li>\n<li>Ihre Homepage<\/li>\n<li>sowie f\u00fcr Kunden- und Mitarbeitermagazine.<\/li>\n<\/ul>\n\t<h4>Ich sorge f\u00fcr Ver\u00f6ffentlichungen \u00fcber Ihr Unternehmen<\/h4>\n<p>Denn statt \u201esch\u00f6ne&#8220; Text durch Presseverteiler zu jagen und \u201eirgendwo&#8220; auf Ver\u00f6ffentlichungen zu hoffen, telefoniere ich mit Redakteuren und liefere punktgenau Texte.<\/p>\n<p>Ich k\u00fcmmere mich um alles Weitere: zus\u00e4tzliche Recherchepartner, vorgegebene Textl\u00e4nge, Fotos und ich bleibe dran bis wir Ver\u00f6ffentlichungen haben.<\/p>\n\t<h2><strong>THEMEN<\/strong><\/h2>\n<h4>Durchdachte Strategie und pfiffige L\u00f6sungen<\/h4>\n\t<p>Ich interessiere mich vor allem f\u00fcr <strong>Management- und Personalthemen<\/strong>. Denn gute Unternehmen setzen sich durch durchdachte Strategien und kundenorientierte L\u00f6sungen von ihren Konkurrenten ab und bleiben mit innovativen Produkten an der Spitze ihrer Branche.<\/p>\n\t<p>Mitarbeiter, die ihre Aufgaben engagiert, kreativ und zuverl\u00e4ssig erledigen wollen, suchen ein derartiges <strong>anregendes Arbeitsumfeld<\/strong>. Und diese Mitarbeiter sind der gr\u00f6\u00dfte Hebel f\u00fcr Ihren Unternehmenserfolg.<\/p>\n\t<h2><strong>WERTE<\/strong><\/h2>\n<h4>So arbeite ich f\u00fcr Sie<\/h4>\n\tWas mich antreibt sind &#8230;<br \/>\n<strong>NEUGIER<\/strong>,<br \/>\n<strong>FREUDE<\/strong> an der Arbeit,<br \/>\n<strong>MENSCHEN<\/strong>, die etwas schaffen, eine<br \/>\n<strong>WERTSCH\u00c4TZENDE GRUNDHALTUNG<\/strong> und<br \/>\n<strong>KONSEQUENZ<\/strong> in der Umsetzung.\n\t<h2>Verantwortungs\u00adbewusstsein<\/h2>\n<p>Mir liegt an einer ernsthaften und langfristigen Partnerschaft. Deshalb setze ich mich hartn\u00e4ckig und verl\u00e4sslich f\u00fcr Ihre Interessen ein.<\/p>\n\t<h2>Wachstum<\/h2>\n<p>Mir liegt daran, dass Unternehmen, die mich \u00fcberzeugen, in der \u00d6ffentlichkeit st\u00e4rker beachtet werden und organisch wachsen. Zudem geht es mir in der inhaltlichen Auseinandersetzung auch um die pers\u00f6nliche Entwicklung aller Beteiligten.<\/p>\n\t<h2>Gemeinschaft<\/h2>\n<p>Mir liegt an einem wertsch\u00e4tzenden, offenen und freundlichen Umgang mit allen Unternehmensmitarbeitern sowie Ihren Zulieferern und Kunden.<\/p>\n\t<h2>Spiritualit\u00e4t<\/h2>\n<p>Mir liegt daran, parallel zur schnellen Arbeitswelt mit ihren t\u00e4glichen Verpflichtungen, innere Ruhe zu finden. So handel ich bewusst und klar und f\u00fchle mich verbunden mit etwas Gr\u00f6\u00dferem.<\/p>\n\t<h1>KONTAKT<\/h1>\n<h2>Schreiben Sie mir<\/h2>\n\tSie \u00fcberlegen, ob Pressearbeit Ihr Unternehmen voranbringt?<br \/>\nSchreiben Sie mir gerne eine <a href=\"mailto:jg@jens-gieseler.de\">Mail<\/a> oder rufen Sie mich an: +49&nbsp;(0)&nbsp;7071\/68&nbsp;90&nbsp;500.\n\n<p>&nbsp;<\/p>\n<div class=\"wpcf7 no-js\" id=\"wpcf7-f611-o1\" lang=\"de-DE\" dir=\"ltr\">\n<div class=\"screen-reader-response\"><p role=\"status\" aria-live=\"polite\" aria-atomic=\"true\"><\/p> <ul><\/ul><\/div>\n<form action=\"\/index.php?rest_route=%2Fwp%2Fv2%2Fpages%2F358#wpcf7-f611-o1\" method=\"post\" class=\"wpcf7-form init\" aria-label=\"Kontaktformular\" novalidate=\"novalidate\" data-status=\"init\">\n<div style=\"display: none;\">\n<input type=\"hidden\" name=\"_wpcf7\" value=\"611\" \/>\n<input type=\"hidden\" name=\"_wpcf7_version\" value=\"5.7.2\" \/>\n<input type=\"hidden\" name=\"_wpcf7_locale\" value=\"de_DE\" \/>\n<input type=\"hidden\" name=\"_wpcf7_unit_tag\" value=\"wpcf7-f611-o1\" \/>\n<input type=\"hidden\" name=\"_wpcf7_container_post\" value=\"0\" \/>\n<input type=\"hidden\" name=\"_wpcf7_posted_data_hash\" value=\"\" \/>\n<input type=\"hidden\" name=\"_wpcf7_recaptcha_response\" value=\"\" \/>\n<\/div>\n<p><label> Name<br \/>\n<span class=\"wpcf7-form-control-wrap\" data-name=\"your-name\"><input size=\"40\" class=\"wpcf7-form-control wpcf7-text wpcf7-validates-as-required\" aria-required=\"true\" aria-invalid=\"false\" value=\"\" type=\"text\" name=\"your-name\" \/><\/span> <\/label>\n<\/p>\n<p><label> E-Mail<br \/>\n<span class=\"wpcf7-form-control-wrap\" data-name=\"your-email\"><input size=\"40\" class=\"wpcf7-form-control wpcf7-text wpcf7-email wpcf7-validates-as-required wpcf7-validates-as-email\" aria-required=\"true\" aria-invalid=\"false\" value=\"\" type=\"email\" name=\"your-email\" \/><\/span> <\/label>\n<\/p>\n<p><label> Nachricht<br \/>\n<span class=\"wpcf7-form-control-wrap\" data-name=\"your-message\"><textarea cols=\"40\" rows=\"10\" class=\"wpcf7-form-control wpcf7-textarea wpcf7-validates-as-required\" aria-required=\"true\" aria-invalid=\"false\" name=\"your-message\"><\/textarea><\/span> <\/label>\n<\/p>\n<p><span class=\"wpcf7-form-control-wrap\" data-name=\"acceptance-291\"><span class=\"wpcf7-form-control wpcf7-acceptance optional\"><span class=\"wpcf7-list-item\"><label><input type=\"checkbox\" name=\"acceptance-291\" value=\"1\" aria-invalid=\"false\" \/><span class=\"wpcf7-list-item-label\"><a href='https:\/\/jens-gieseler.de\/?page_id=502' target='_blank'>Datenschutzbestimmungen<\/a> akzeptieren<\/span><\/label><\/span><\/span><\/span>\n<\/p>\n<p><input class=\"wpcf7-form-control has-spinner wpcf7-submit\" type=\"submit\" value=\"Senden\" \/>\n<\/p><div class=\"wpcf7-response-output\" aria-hidden=\"true\"><\/div><\/form><\/div>\n\t\t\t\t<img decoding=\"async\" src=\"https:\/\/jens-gieseler.de\/wp-content\/uploads\/2019\/07\/Take-I-45-von-72-744x1116.jpg\" alt=\"Take I (45 von 72)\" itemprop=\"image\" title=\"Take I (45 von 72)\" onerror=\"this.style.display='none'\"  \/>\n\n","protected":false},"excerpt":{"rendered":"<div class=\"entry-summary\">\n<div class=\"entry-summary\">\n<p>Ich bringe Sie in die Medien &#8211; Print wie Online.<\/p>\n<p>H\u00f6here Sichtbarkeit und Glaubw\u00fcrdigkeit helfen Ihnen, potenzielle Kunden zu \u00fcberzeugen und passende Mitarbeiter zu gewinnen. <\/p>\n<p>Durch meine bundesweiten Kontakte zu Tages- und Fachredaktionen sorge ich f\u00fcr passgenaue Ver\u00f6ffentlichungen \u00fcber Ihr kleines oder mittelst\u00e4ndisches Unternehmen.<\/p>\n<\/div>\n<div class=\"link-more\"><a href=\"https:\/\/jens-gieseler.de\/\" class=\"more-link\">Continue reading<span class=\"screen-reader-text\"> &ldquo;Mehr Glaubw\u00fcrdigkeit&rdquo;<\/span>&hellip;<\/a><\/div>\n<\/div>\n<div class=\"link-more\"><a href=\"https:\/\/jens-gieseler.de\/\" class=\"more-link\">Continue reading<span class=\"screen-reader-text\"> &ldquo;Mehr Glaubw\u00fcrdigkeit&rdquo;<\/span>&hellip;<\/a><\/div>\n","protected":false},"author":1,"featured_media":0,"parent":0,"menu_order":0,"comment_status":"closed","ping_status":"closed","template":"templates\/intro-widgets.php","meta":{"inline_featured_image":false},"acf":[],"_links":{"self":[{"href":"https:\/\/jens-gieseler.de\/index.php?rest_route=\/wp\/v2\/pages\/358"}],"collection":[{"href":"https:\/\/jens-gieseler.de\/index.php?rest_route=\/wp\/v2\/pages"}],"about":[{"href":"https:\/\/jens-gieseler.de\/index.php?rest_route=\/wp\/v2\/types\/page"}],"author":[{"embeddable":true,"href":"https:\/\/jens-gieseler.de\/index.php?rest_route=\/wp\/v2\/users\/1"}],"replies":[{"embeddable":true,"href":"https:\/\/jens-gieseler.de\/index.php?rest_route=%2Fwp%2Fv2%2Fcomments&post=358"}],"version-history":[{"count":117,"href":"https:\/\/jens-gieseler.de\/index.php?rest_route=\/wp\/v2\/pages\/358\/revisions"}],"predecessor-version":[{"id":943,"href":"https:\/\/jens-gieseler.de\/index.php?rest_route=\/wp\/v2\/pages\/358\/revisions\/943"}],"wp:attachment":[{"href":"https:\/\/jens-gieseler.de\/index.php?rest_route=%2Fwp%2Fv2%2Fmedia&parent=358"}],"curies":[{"name":"wp","href":"https:\/\/api.w.org\/{rel}","templated":true}]}}